{"id":283,"date":"2021-01-20T17:39:39","date_gmt":"2021-01-20T16:39:39","guid":{"rendered":"https:\/\/laparadedubois.fr\/?post_type=product&#038;p=283"},"modified":"2025-12-25T20:15:04","modified_gmt":"2025-12-25T19:15:04","slug":"stylo-bois-frene-teinte-bleu","status":"publish","type":"product","link":"https:\/\/laparadedubois.fr\/?product=stylo-bois-frene-teinte-bleu","title":{"rendered":"Stylo bois frene c\u00e9rus\u00e9 bleu"},"content":{"rendered":"<p>Type: stylo bille<br \/>\nmontage classique d\u2019excellente qualit\u00e9<br \/>\nCouleur du placage : Antracite<br \/>\nMat\u00e9riau utilis\u00e9 pour le corps : Bois frene<br \/>\nStylo rechargeable avec mine Parker<br \/>\nType m\u00e9canisme : quart tournant<br \/>\nlivr\u00e9 avec un \u00e9tui en su\u00e9dine<br \/>\nproduit unique<\/p>\n","protected":false},"excerpt":{"rendered":"<p>Stylo artisale en bois de frene c\u00e9rus\u00e9 bleu.<br \/>\nStylo a bille fait main en Bretagne<\/p>\n","protected":false},"featured_media":324,"comment_status":"open","ping_status":"closed","template":"","meta":[],"product_brand":[],"product_cat":[21,28],"product_tag":[31,30,29],"class_list":{"0":"post-283","1":"product","2":"type-product","3":"status-publish","4":"has-post-thumbnail","6":"product_cat-non-classe","7":"product_cat-stylos","8":"product_tag-artisanal","9":"product_tag-bois","10":"product_tag-stylo","11":"align-left","12":"box-shadow-0","13":"box-shadow-0-hover","14":"ast-product-gallery-layout-horizontal","15":"ast-product-tabs-layout-horizontal","16":"ast-qv-on-image","18":"first","19":"outofstock","20":"shipping-taxable","21":"purchasable","22":"product-type-simple"},"_links":{"self":[{"href":"https:\/\/laparadedubois.fr\/index.php?rest_route=\/wp\/v2\/product\/283","targetHints":{"allow":["GET"]}}],"collection":[{"href":"https:\/\/laparadedubois.fr\/index.php?rest_route=\/wp\/v2\/product"}],"about":[{"href":"https:\/\/laparadedubois.fr\/index.php?rest_route=\/wp\/v2\/types\/product"}],"replies":[{"embeddable":true,"href":"https:\/\/laparadedubois.fr\/index.php?rest_route=%2Fwp%2Fv2%2Fcomments&post=283"}],"wp:featuredmedia":[{"embeddable":true,"href":"https:\/\/laparadedubois.fr\/index.php?rest_route=\/wp\/v2\/media\/324"}],"wp:attachment":[{"href":"https:\/\/laparadedubois.fr\/index.php?rest_route=%2Fwp%2Fv2%2Fmedia&parent=283"}],"wp:term":[{"taxonomy":"product_brand","embeddable":true,"href":"https:\/\/laparadedubois.fr\/index.php?rest_route=%2Fwp%2Fv2%2Fproduct_brand&post=283"},{"taxonomy":"product_cat","embeddable":true,"href":"https:\/\/laparadedubois.fr\/index.php?rest_route=%2Fwp%2Fv2%2Fproduct_cat&post=283"},{"taxonomy":"product_tag","embeddable":true,"href":"https:\/\/laparadedubois.fr\/index.php?rest_route=%2Fwp%2Fv2%2Fproduct_tag&post=283"}],"curies":[{"name":"wp","href":"https:\/\/api.w.org\/{rel}","templated":true}]}}