{"id":446,"date":"2021-01-26T16:37:30","date_gmt":"2021-01-26T15:37:30","guid":{"rendered":"https:\/\/laparadedubois.fr\/?post_type=product&#038;p=446"},"modified":"2026-05-07T22:55:30","modified_gmt":"2026-05-07T20:55:30","slug":"organisateur-dentree-porte-cles-et-lunettes","status":"publish","type":"product","link":"https:\/\/laparadedubois.fr\/?product=organisateur-dentree-porte-cles-et-lunettes","title":{"rendered":"Organisateur d&rsquo;entr\u00e9e\/porte cl\u00e9s et lunettes"},"content":{"rendered":"<p>Mettez la Bretagne dans votre int\u00e9rieur<br \/>\nOrganisateur d&rsquo;entr\u00e9e en sapin et filet de poche \u00e0 hu\u00eetres r\u00e9cup\u00e9r\u00e9 sur les plages bretonnes<br \/>\n2 Crochets vous permettrons de suspendre vos cl\u00e9s, laisse d&rsquo;animaux, lampe de poche, etc..<br \/>\n3 autres crochets pour des cl\u00e9s<br \/>\ndimensions : longueur 30 cm hauteur 25cm, \u00e9paisseur 1.8cm<br \/>\ntr\u00e8s facile \u00e0 accrocher au mur gr\u00e2ce \u00e0 2 attaches.<br \/>\nFinition \u00e0 l&rsquo;huile de lin<\/p>\n","protected":false},"excerpt":{"rendered":"<p>Organisateur d&rsquo;entr\u00e9e repr\u00e9sentant la Bretagne<br \/>\nensemble de 5 crochets pour suspendre vos cl\u00e9s<br \/>\nun \u00e9lastique pour glisser ses lunettes<\/p>\n","protected":false},"featured_media":447,"comment_status":"open","ping_status":"closed","template":"","meta":[],"product_brand":[],"product_cat":[21,35],"product_tag":[30,24,38,40,39,37],"class_list":{"0":"post-446","1":"product","2":"type-product","3":"status-publish","4":"has-post-thumbnail","6":"product_cat-non-classe","7":"product_cat-decoration_maison","8":"product_tag-bois","9":"product_tag-bretagne","10":"product_tag-deco","11":"product_tag-filet-huitre","12":"product_tag-maison","13":"product_tag-organisateur","14":"align-left","15":"box-shadow-0","16":"box-shadow-0-hover","17":"ast-product-gallery-layout-horizontal","18":"ast-product-tabs-layout-horizontal","19":"ast-qv-on-image","21":"first","22":"instock","23":"shipping-taxable","24":"purchasable","25":"product-type-simple"},"_links":{"self":[{"href":"https:\/\/laparadedubois.fr\/index.php?rest_route=\/wp\/v2\/product\/446","targetHints":{"allow":["GET"]}}],"collection":[{"href":"https:\/\/laparadedubois.fr\/index.php?rest_route=\/wp\/v2\/product"}],"about":[{"href":"https:\/\/laparadedubois.fr\/index.php?rest_route=\/wp\/v2\/types\/product"}],"replies":[{"embeddable":true,"href":"https:\/\/laparadedubois.fr\/index.php?rest_route=%2Fwp%2Fv2%2Fcomments&post=446"}],"wp:featuredmedia":[{"embeddable":true,"href":"https:\/\/laparadedubois.fr\/index.php?rest_route=\/wp\/v2\/media\/447"}],"wp:attachment":[{"href":"https:\/\/laparadedubois.fr\/index.php?rest_route=%2Fwp%2Fv2%2Fmedia&parent=446"}],"wp:term":[{"taxonomy":"product_brand","embeddable":true,"href":"https:\/\/laparadedubois.fr\/index.php?rest_route=%2Fwp%2Fv2%2Fproduct_brand&post=446"},{"taxonomy":"product_cat","embeddable":true,"href":"https:\/\/laparadedubois.fr\/index.php?rest_route=%2Fwp%2Fv2%2Fproduct_cat&post=446"},{"taxonomy":"product_tag","embeddable":true,"href":"https:\/\/laparadedubois.fr\/index.php?rest_route=%2Fwp%2Fv2%2Fproduct_tag&post=446"}],"curies":[{"name":"wp","href":"https:\/\/api.w.org\/{rel}","templated":true}]}}